{"id":842,"date":"2019-01-16T14:03:20","date_gmt":"2019-01-16T14:03:20","guid":{"rendered":"https:\/\/bestattungen-demo.h13473.web129.dogado.net\/?page_id=8"},"modified":"2019-04-30T11:51:55","modified_gmt":"2019-04-30T11:51:55","slug":"vorsorge","status":"publish","type":"page","link":"https:\/\/bestattungen-pietsch.de\/index.php\/vorsorge\/","title":{"rendered":"Vorsorge"},"content":{"rendered":"\t\t<div data-elementor-type=\"wp-post\" data-elementor-id=\"842\" class=\"elementor elementor-842\">\n\t\t\t\t\t\t<section class=\"elementor-section elementor-top-section elementor-element elementor-element-edd5382 elementor-section-height-min-height elementor-section-boxed elementor-section-height-default elementor-section-items-middle\" data-id=\"edd5382\" data-element_type=\"section\" data-settings=\"{&quot;background_background&quot;:&quot;classic&quot;}\">\n\t\t\t\t\t\t<div class=\"elementor-container elementor-column-gap-default\">\n\t\t\t\t\t<div class=\"elementor-column elementor-col-100 elementor-top-column elementor-element elementor-element-5d47d8c\" data-id=\"5d47d8c\" data-element_type=\"column\">\n\t\t\t<div class=\"elementor-widget-wrap elementor-element-populated\">\n\t\t\t\t\t\t<div class=\"elementor-element elementor-element-493e615 animated-slow elementor-invisible elementor-widget elementor-widget-heading\" data-id=\"493e615\" data-element_type=\"widget\" data-settings=\"{&quot;_animation&quot;:&quot;fadeIn&quot;}\" data-widget_type=\"heading.default\">\n\t\t\t\t<div class=\"elementor-widget-container\">\n\t\t\t\t\t<h2 class=\"elementor-heading-title elementor-size-default\">Vorsorge<\/h2>\t\t\t\t<\/div>\n\t\t\t\t<\/div>\n\t\t\t\t\t<\/div>\n\t\t<\/div>\n\t\t\t\t\t<\/div>\n\t\t<\/section>\n\t\t\t\t<section class=\"elementor-section elementor-top-section elementor-element elementor-element-73e97c8 elementor-section-boxed elementor-section-height-default elementor-section-height-default\" data-id=\"73e97c8\" data-element_type=\"section\">\n\t\t\t\t\t\t<div class=\"elementor-container elementor-column-gap-default\">\n\t\t\t\t\t<div class=\"elementor-column elementor-col-100 elementor-top-column elementor-element elementor-element-50b490f\" data-id=\"50b490f\" data-element_type=\"column\">\n\t\t\t<div class=\"elementor-widget-wrap elementor-element-populated\">\n\t\t\t\t\t\t<div class=\"elementor-element elementor-element-39a7443 elementor-widget elementor-widget-text-editor\" data-id=\"39a7443\" data-element_type=\"widget\" data-widget_type=\"text-editor.default\">\n\t\t\t\t<div class=\"elementor-widget-container\">\n\t\t\t\t\t\t\t\t\t<p><span style=\"color: #303030; font-size: 15px; font-style: normal; font-weight: 400; background-color: rgba(244, 244, 244, 0.29);\">Sehr viele Menschen stehen bei einem Todesfall oft vor der Situation, Entscheidungen treffen zu m\u00fcssen, ohne darauf vorbereitet zu sein. Wer wei\u00df schon genau, ob diese sehr wichtigen Entscheidungen auch so getroffen worden sind, wie es sich der Verstorbene gew\u00fcnscht h\u00e4tte. Die seelische Belastung in solch einer schweren Situation ist sehr gro\u00df und die Unsicherheit, das wirklich Richtige zu tun, bleibt immer. Viele Fragen mit denen man pl\u00f6tzlich konfrontiert wird, stehen offen.<\/span><\/p>\t\t\t\t\t\t\t\t<\/div>\n\t\t\t\t<\/div>\n\t\t\t\t\t<\/div>\n\t\t<\/div>\n\t\t\t\t\t<\/div>\n\t\t<\/section>\n\t\t\t\t<section class=\"elementor-section elementor-top-section elementor-element elementor-element-0728b00 elementor-section-full_width elementor-section-height-default elementor-section-height-default\" data-id=\"0728b00\" data-element_type=\"section\">\n\t\t\t\t\t\t<div class=\"elementor-container elementor-column-gap-default\">\n\t\t\t\t\t<div class=\"elementor-column elementor-col-100 elementor-top-column elementor-element elementor-element-d6fa458\" data-id=\"d6fa458\" data-element_type=\"column\">\n\t\t\t<div class=\"elementor-widget-wrap elementor-element-populated\">\n\t\t\t\t\t\t<div class=\"elementor-element elementor-element-375ec2a elementor-hidden-desktop elementor-widget elementor-widget-image\" data-id=\"375ec2a\" data-element_type=\"widget\" data-widget_type=\"image.default\">\n\t\t\t\t<div class=\"elementor-widget-container\">\n\t\t\t\t\t\t\t\t\t\t\t\t\t\t\t<img decoding=\"async\" src=\"https:\/\/bestattungen-pietsch.de\/wp-content\/uploads\/elementor\/thumbs\/planung-1-e1556548560561-o737n136t5bsqsrrozwkqenefraboowqnguvev7b7s.jpg\" title=\"Bestattungen Pietsch\" alt=\"Vorsorge treffen - mit dem Bestattungshaus Heidrun Pietsch GmbH\" loading=\"lazy\" \/>\t\t\t\t\t\t\t\t\t\t\t\t\t\t\t<\/div>\n\t\t\t\t<\/div>\n\t\t\t\t\t<\/div>\n\t\t<\/div>\n\t\t\t\t\t<\/div>\n\t\t<\/section>\n\t\t\t\t<section class=\"elementor-section elementor-top-section elementor-element elementor-element-fe393f0 elementor-hidden-desktop elementor-section-boxed elementor-section-height-default elementor-section-height-default\" data-id=\"fe393f0\" data-element_type=\"section\">\n\t\t\t\t\t\t<div class=\"elementor-container elementor-column-gap-default\">\n\t\t\t\t\t<div class=\"elementor-column elementor-col-100 elementor-top-column elementor-element elementor-element-25effa1\" data-id=\"25effa1\" data-element_type=\"column\">\n\t\t\t<div class=\"elementor-widget-wrap elementor-element-populated\">\n\t\t\t\t\t\t<div class=\"elementor-element elementor-element-c17cc9c elementor-hidden-desktop elementor-widget elementor-widget-text-editor\" data-id=\"c17cc9c\" data-element_type=\"widget\" data-widget_type=\"text-editor.default\">\n\t\t\t\t<div class=\"elementor-widget-container\">\n\t\t\t\t\t\t\t\t\t<ul><li style=\"font-size: 15px;\">Was mu\u00df ich unternehmen, wenn ein mir nahestehender Mensch stirbt?<\/li><li style=\"font-size: 15px;\">Welche Bestattungsart wollte er haben: Erd-, Feuer- oder Seebestattung?<\/li><li style=\"font-size: 15px;\">Welchen Sarg, Urne, W\u00e4sche usw. w\u00e4hle ich?<\/li><li style=\"font-size: 15px;\">Wer k\u00fcmmert sich um die Versicherungen und den Nachlass?<\/li><li style=\"font-size: 15px;\">Wer \u00fcbernimmt die Benachrichtigung der Verwandten und Bekannten?<\/li><\/ul>\t\t\t\t\t\t\t\t<\/div>\n\t\t\t\t<\/div>\n\t\t\t\t<div class=\"elementor-element elementor-element-931ad36 elementor-widget elementor-widget-text-editor\" data-id=\"931ad36\" data-element_type=\"widget\" data-widget_type=\"text-editor.default\">\n\t\t\t\t<div class=\"elementor-widget-container\">\n\t\t\t\t\t\t\t\t\t<p><span style=\"color: #303030; font-size: 15px; font-style: normal; font-weight: 400; background-color: rgba(244, 244, 244, 0.29);\">Das ist nur ein kleiner Teil, der zu kl\u00e4ren w\u00e4re und dabei steht immer die Frage: Habe ich wirklich alles so gemacht, wie er es gewollt h\u00e4tte?<\/span><br style=\"color: #303030; background-color: rgba(244, 244, 244, 0.29);\" \/><span style=\"color: #303030; font-size: 15px; font-style: normal; font-weight: 400; background-color: rgba(244, 244, 244, 0.29);\">Es gibt eine M\u00f6glichkeit, auf all diese Fragen schon\u00a0zu Lebzeiten, die richtige Antwort zu bekommen. Die Bestattungsvorsorge!<\/span><\/p>\t\t\t\t\t\t\t\t<\/div>\n\t\t\t\t<\/div>\n\t\t\t\t\t<\/div>\n\t\t<\/div>\n\t\t\t\t\t<\/div>\n\t\t<\/section>\n\t\t\t\t<section class=\"elementor-section elementor-top-section elementor-element elementor-element-57be2c3 elementor-section-full_width elementor-hidden-tablet elementor-hidden-phone elementor-section-height-default elementor-section-height-default\" data-id=\"57be2c3\" data-element_type=\"section\">\n\t\t\t\t\t\t<div class=\"elementor-container elementor-column-gap-default\">\n\t\t\t\t\t<div class=\"elementor-column elementor-col-50 elementor-top-column elementor-element elementor-element-106e335\" data-id=\"106e335\" data-element_type=\"column\">\n\t\t\t<div class=\"elementor-widget-wrap elementor-element-populated\">\n\t\t\t\t\t\t<div class=\"elementor-element elementor-element-1fa7998 elementor-widget elementor-widget-text-editor\" data-id=\"1fa7998\" data-element_type=\"widget\" data-widget_type=\"text-editor.default\">\n\t\t\t\t<div class=\"elementor-widget-container\">\n\t\t\t\t\t\t\t\t\t<ul><li style=\"font-size: 15px;\">Was mu\u00df ich unternehmen, wenn ein mir nahestehender Mensch stirbt?<\/li><li style=\"font-size: 15px;\">Welche Bestattungsart wollte er haben: Erd-, Feuer- oder Seebestattung?<\/li><li style=\"font-size: 15px;\">Welchen Sarg, Urne, W\u00e4sche usw. w\u00e4hle ich?<\/li><li style=\"font-size: 15px;\">Wer k\u00fcmmert sich um die Versicherungen und den Nachlass?<\/li><li style=\"font-size: 15px;\">Wer \u00fcbernimmt die Benachrichtigung der Verwandten und Bekannten?<\/li><\/ul>\t\t\t\t\t\t\t\t<\/div>\n\t\t\t\t<\/div>\n\t\t\t\t<div class=\"elementor-element elementor-element-c7565b3 elementor-widget elementor-widget-text-editor\" data-id=\"c7565b3\" data-element_type=\"widget\" data-widget_type=\"text-editor.default\">\n\t\t\t\t<div class=\"elementor-widget-container\">\n\t\t\t\t\t\t\t\t\t<p><span style=\"color: #303030; font-size: 15px; font-style: normal; font-weight: 400; background-color: rgba(244, 244, 244, 0.29);\">Das ist nur ein kleiner Teil, der zu kl\u00e4ren w\u00e4re und dabei steht immer die Frage: Habe ich wirklich alles so gemacht, wie er es gewollt h\u00e4tte?<\/span><br style=\"color: #303030; background-color: rgba(244, 244, 244, 0.29);\" \/><span style=\"color: #303030; font-size: 15px; font-style: normal; font-weight: 400; background-color: rgba(244, 244, 244, 0.29);\">Es gibt eine M\u00f6glichkeit, auf all diese Fragen schon\u00a0zu Lebzeiten, die richtige Antwort zu bekommen. Die Bestattungsvorsorge!<\/span><\/p>\t\t\t\t\t\t\t\t<\/div>\n\t\t\t\t<\/div>\n\t\t\t\t\t<\/div>\n\t\t<\/div>\n\t\t\t\t<div class=\"elementor-column elementor-col-50 elementor-top-column elementor-element elementor-element-5afd96f\" data-id=\"5afd96f\" data-element_type=\"column\">\n\t\t\t<div class=\"elementor-widget-wrap elementor-element-populated\">\n\t\t\t\t\t\t<div class=\"elementor-element elementor-element-77ae9ef elementor-hidden-phone elementor-widget elementor-widget-image\" data-id=\"77ae9ef\" data-element_type=\"widget\" data-widget_type=\"image.default\">\n\t\t\t\t<div class=\"elementor-widget-container\">\n\t\t\t\t\t\t\t\t\t\t\t\t\t\t\t<img decoding=\"async\" src=\"https:\/\/bestattungen-pietsch.de\/wp-content\/uploads\/elementor\/thumbs\/planung-1-e1556548560561-o737n136t5b8a7fhcx847ate1wu4esxk1zd1dwoc68.jpg\" title=\"Bestattungen Pietsch\" alt=\"Vorsorge treffen - mit dem Bestattungshaus Heidrun Pietsch GmbH\" loading=\"lazy\" \/>\t\t\t\t\t\t\t\t\t\t\t\t\t\t\t<\/div>\n\t\t\t\t<\/div>\n\t\t\t\t\t<\/div>\n\t\t<\/div>\n\t\t\t\t\t<\/div>\n\t\t<\/section>\n\t\t\t\t<section class=\"elementor-section elementor-top-section elementor-element elementor-element-9dd25d1 elementor-section-height-min-height elementor-section-boxed elementor-section-height-default elementor-section-items-middle\" data-id=\"9dd25d1\" data-element_type=\"section\" data-settings=\"{&quot;background_background&quot;:&quot;classic&quot;}\">\n\t\t\t\t\t\t<div class=\"elementor-container elementor-column-gap-default\">\n\t\t\t\t\t<div class=\"elementor-column elementor-col-100 elementor-top-column elementor-element elementor-element-df03fa9\" data-id=\"df03fa9\" data-element_type=\"column\">\n\t\t\t<div class=\"elementor-widget-wrap elementor-element-populated\">\n\t\t\t\t\t\t<div class=\"elementor-element elementor-element-f454cd6 elementor-widget elementor-widget-heading\" data-id=\"f454cd6\" data-element_type=\"widget\" data-widget_type=\"heading.default\">\n\t\t\t\t<div class=\"elementor-widget-container\">\n\t\t\t\t\t<h2 class=\"elementor-heading-title elementor-size-default\">Die Vorteile einer Bestattungsvorsorge:<\/h2>\t\t\t\t<\/div>\n\t\t\t\t<\/div>\n\t\t\t\t<div class=\"elementor-element elementor-element-7d1caaa elementor-widget elementor-widget-text-editor\" data-id=\"7d1caaa\" data-element_type=\"widget\" data-widget_type=\"text-editor.default\">\n\t\t\t\t<div class=\"elementor-widget-container\">\n\t\t\t\t\t\t\t\t\t<ul><li style=\"list-style-type: none;\"><ul><li style=\"font-size: 15px;\">Die f\u00fcr jeden Einzelnen richtige Entscheidung kann nur jeder selbst f\u00fcr sich treffen.<\/li><li style=\"font-size: 15px;\">Die Angeh\u00f6rigen werden entlastet und wissen, dass alles genau nach Wunsch geregelt worden ist.<\/li><li style=\"font-size: 15px;\">Dokumente, Papiere, Versicherungen, Vertr\u00e4ge und Abmeldungen werden gesichtet und geordnet<\/li><li style=\"font-size: 15px;\">Alle Festlegungen, W\u00fcnsche und Vorstellungen werden niedergeschrieben.<\/li><li style=\"font-size: 15px;\">Der preisliche Rahmen wird komplett abgesteckt.<\/li><\/ul><\/li><\/ul><p style=\"font-size: 15px; font-style: normal; font-weight: 400; color: #303030;\">Sichern Sie sich und Ihre Angeh\u00f6rigen ab.\u00a0<span style=\"font-weight: bold;\">Die Beratung zur Bestattungsvorsorge ist kostenlos.<\/span>\u00a0Wir beraten Sie gerne, kompetent, diskret und umfassend.<\/p>\t\t\t\t\t\t\t\t<\/div>\n\t\t\t\t<\/div>\n\t\t\t\t\t<\/div>\n\t\t<\/div>\n\t\t\t\t\t<\/div>\n\t\t<\/section>\n\t\t\t\t<\/div>\n\t\t","protected":false},"excerpt":{"rendered":"<p>Vorsorge Sehr viele Menschen stehen bei einem Todesfall oft vor der Situation, Entscheidungen treffen zu m\u00fcssen, ohne darauf vorbereitet zu sein. Wer wei\u00df schon genau, ob diese sehr wichtigen Entscheidungen auch so getroffen worden sind, wie es sich der Verstorbene gew\u00fcnscht h\u00e4tte. Die seelische Belastung in solch einer schweren Situation ist sehr gro\u00df und die [&hellip;]<\/p>\n","protected":false},"author":1,"featured_media":0,"parent":0,"menu_order":0,"comment_status":"closed","ping_status":"closed","template":"","meta":{"site-sidebar-layout":"no-sidebar","site-content-layout":"page-builder","ast-site-content-layout":"","site-content-style":"default","site-sidebar-style":"default","ast-global-header-display":"","ast-banner-title-visibility":"","ast-main-header-display":"","ast-hfb-above-header-display":"","ast-hfb-below-header-display":"","ast-hfb-mobile-header-display":"","site-post-title":"disabled","ast-breadcrumbs-content":"","ast-featured-img":"disabled","footer-sml-layout":"","theme-transparent-header-meta":"default","adv-header-id-meta":"","stick-header-meta":"","header-above-stick-meta":"","header-main-stick-meta":"","header-below-stick-meta":"","astra-migrate-meta-layouts":"default","ast-page-background-enabled":"default","ast-page-background-meta":{"desktop":{"background-color":"","background-image":"","background-repeat":"repeat","background-position":"center center","background-size":"auto","background-attachment":"scroll","background-type":"","background-media":"","overlay-type":"","overlay-color":"","overlay-opacity":"","overlay-gradient":""},"tablet":{"background-color":"","background-image":"","background-repeat":"repeat","background-position":"center center","background-size":"auto","background-attachment":"scroll","background-type":"","background-media":"","overlay-type":"","overlay-color":"","overlay-opacity":"","overlay-gradient":""},"mobile":{"background-color":"","background-image":"","background-repeat":"repeat","background-position":"center center","background-size":"auto","background-attachment":"scroll","background-type":"","background-media":"","overlay-type":"","overlay-color":"","overlay-opacity":"","overlay-gradient":""}},"ast-content-background-meta":{"desktop":{"background-color":"var(--ast-global-color-5)","background-image":"","background-repeat":"repeat","background-position":"center center","background-size":"auto","background-attachment":"scroll","background-type":"","background-media":"","overlay-type":"","overlay-color":"","overlay-opacity":"","overlay-gradient":""},"tablet":{"background-color":"var(--ast-global-color-5)","background-image":"","background-repeat":"repeat","background-position":"center center","background-size":"auto","background-attachment":"scroll","background-type":"","background-media":"","overlay-type":"","overlay-color":"","overlay-opacity":"","overlay-gradient":""},"mobile":{"background-color":"var(--ast-global-color-5)","background-image":"","background-repeat":"repeat","background-position":"center center","background-size":"auto","background-attachment":"scroll","background-type":"","background-media":"","overlay-type":"","overlay-color":"","overlay-opacity":"","overlay-gradient":""}},"footnotes":""},"class_list":["post-842","page","type-page","status-publish","hentry"],"yoast_head":"<!-- This site is optimized with the Yoast SEO plugin v25.4 - https:\/\/yoast.com\/wordpress\/plugins\/seo\/ -->\n<title>Vorsorge - Bestattungen Heidrun Pietsch GmbH<\/title>\n<meta name=\"robots\" content=\"index, follow, max-snippet:-1, max-image-preview:large, max-video-preview:-1\" \/>\n<link rel=\"canonical\" href=\"https:\/\/bestattungen-pietsch.de\/index.php\/vorsorge\/\" \/>\n<meta property=\"og:locale\" content=\"de_DE\" \/>\n<meta property=\"og:type\" content=\"article\" \/>\n<meta property=\"og:title\" content=\"Vorsorge - Bestattungen Heidrun Pietsch GmbH\" \/>\n<meta property=\"og:description\" content=\"Vorsorge Sehr viele Menschen stehen bei einem Todesfall oft vor der Situation, Entscheidungen treffen zu m\u00fcssen, ohne darauf vorbereitet zu sein. Wer wei\u00df schon genau, ob diese sehr wichtigen Entscheidungen auch so getroffen worden sind, wie es sich der Verstorbene gew\u00fcnscht h\u00e4tte. Die seelische Belastung in solch einer schweren Situation ist sehr gro\u00df und die [&hellip;]\" \/>\n<meta property=\"og:url\" content=\"https:\/\/bestattungen-pietsch.de\/index.php\/vorsorge\/\" \/>\n<meta property=\"og:site_name\" content=\"Bestattungen Heidrun Pietsch GmbH\" \/>\n<meta property=\"article:modified_time\" content=\"2019-04-30T11:51:55+00:00\" \/>\n<meta property=\"og:image\" content=\"https:\/\/bestattungen-pietsch.de\/wp-content\/uploads\/elementor\/thumbs\/planung-1-e1556548560561-o737n136t5bsqsrrozwkqenefraboowqnguvev7b7s.jpg\" \/>\n<meta name=\"twitter:card\" content=\"summary_large_image\" \/>\n<meta name=\"twitter:label1\" content=\"Gesch\u00e4tzte Lesezeit\" \/>\n\t<meta name=\"twitter:data1\" content=\"2\u00a0Minuten\" \/>\n<script type=\"application\/ld+json\" class=\"yoast-schema-graph\">{\"@context\":\"https:\/\/schema.org\",\"@graph\":[{\"@type\":\"WebPage\",\"@id\":\"https:\/\/bestattungen-pietsch.de\/index.php\/vorsorge\/\",\"url\":\"https:\/\/bestattungen-pietsch.de\/index.php\/vorsorge\/\",\"name\":\"Vorsorge - Bestattungen Heidrun Pietsch GmbH\",\"isPartOf\":{\"@id\":\"https:\/\/bestattungen-pietsch.de\/#website\"},\"primaryImageOfPage\":{\"@id\":\"https:\/\/bestattungen-pietsch.de\/index.php\/vorsorge\/#primaryimage\"},\"image\":{\"@id\":\"https:\/\/bestattungen-pietsch.de\/index.php\/vorsorge\/#primaryimage\"},\"thumbnailUrl\":\"https:\/\/bestattungen-pietsch.de\/wp-content\/uploads\/elementor\/thumbs\/planung-1-e1556548560561-o737n136t5bsqsrrozwkqenefraboowqnguvev7b7s.jpg\",\"datePublished\":\"2019-01-16T14:03:20+00:00\",\"dateModified\":\"2019-04-30T11:51:55+00:00\",\"breadcrumb\":{\"@id\":\"https:\/\/bestattungen-pietsch.de\/index.php\/vorsorge\/#breadcrumb\"},\"inLanguage\":\"de\",\"potentialAction\":[{\"@type\":\"ReadAction\",\"target\":[\"https:\/\/bestattungen-pietsch.de\/index.php\/vorsorge\/\"]}]},{\"@type\":\"ImageObject\",\"inLanguage\":\"de\",\"@id\":\"https:\/\/bestattungen-pietsch.de\/index.php\/vorsorge\/#primaryimage\",\"url\":\"https:\/\/bestattungen-pietsch.de\/wp-content\/uploads\/elementor\/thumbs\/planung-1-e1556548560561-o737n136t5bsqsrrozwkqenefraboowqnguvev7b7s.jpg\",\"contentUrl\":\"https:\/\/bestattungen-pietsch.de\/wp-content\/uploads\/elementor\/thumbs\/planung-1-e1556548560561-o737n136t5bsqsrrozwkqenefraboowqnguvev7b7s.jpg\"},{\"@type\":\"BreadcrumbList\",\"@id\":\"https:\/\/bestattungen-pietsch.de\/index.php\/vorsorge\/#breadcrumb\",\"itemListElement\":[{\"@type\":\"ListItem\",\"position\":1,\"name\":\"Startseite\",\"item\":\"https:\/\/bestattungen-pietsch.de\/\"},{\"@type\":\"ListItem\",\"position\":2,\"name\":\"Vorsorge\"}]},{\"@type\":\"WebSite\",\"@id\":\"https:\/\/bestattungen-pietsch.de\/#website\",\"url\":\"https:\/\/bestattungen-pietsch.de\/\",\"name\":\"Bestattungen Pietsch\",\"description\":\"Ihr professionelles Bestattungshaus in Neuenkirchen, Greifswald und Umgebung\",\"publisher\":{\"@id\":\"https:\/\/bestattungen-pietsch.de\/#organization\"},\"potentialAction\":[{\"@type\":\"SearchAction\",\"target\":{\"@type\":\"EntryPoint\",\"urlTemplate\":\"https:\/\/bestattungen-pietsch.de\/?s={search_term_string}\"},\"query-input\":{\"@type\":\"PropertyValueSpecification\",\"valueRequired\":true,\"valueName\":\"search_term_string\"}}],\"inLanguage\":\"de\"},{\"@type\":\"Organization\",\"@id\":\"https:\/\/bestattungen-pietsch.de\/#organization\",\"name\":\"Bestattungen Heidrun Pietsch GmbH\",\"url\":\"https:\/\/bestattungen-pietsch.de\/\",\"logo\":{\"@type\":\"ImageObject\",\"inLanguage\":\"de\",\"@id\":\"https:\/\/bestattungen-pietsch.de\/#\/schema\/logo\/image\/\",\"url\":\"https:\/\/bestattungen-pietsch.de\/wp-content\/uploads\/2019\/04\/logo_nebeneinander.png\",\"contentUrl\":\"https:\/\/bestattungen-pietsch.de\/wp-content\/uploads\/2019\/04\/logo_nebeneinander.png\",\"width\":2126,\"height\":657,\"caption\":\"Bestattungen Heidrun Pietsch GmbH\"},\"image\":{\"@id\":\"https:\/\/bestattungen-pietsch.de\/#\/schema\/logo\/image\/\"}}]}<\/script>\n<!-- \/ Yoast SEO plugin. -->","yoast_head_json":{"title":"Vorsorge - Bestattungen Heidrun Pietsch GmbH","robots":{"index":"index","follow":"follow","max-snippet":"max-snippet:-1","max-image-preview":"max-image-preview:large","max-video-preview":"max-video-preview:-1"},"canonical":"https:\/\/bestattungen-pietsch.de\/index.php\/vorsorge\/","og_locale":"de_DE","og_type":"article","og_title":"Vorsorge - Bestattungen Heidrun Pietsch GmbH","og_description":"Vorsorge Sehr viele Menschen stehen bei einem Todesfall oft vor der Situation, Entscheidungen treffen zu m\u00fcssen, ohne darauf vorbereitet zu sein. Wer wei\u00df schon genau, ob diese sehr wichtigen Entscheidungen auch so getroffen worden sind, wie es sich der Verstorbene gew\u00fcnscht h\u00e4tte. Die seelische Belastung in solch einer schweren Situation ist sehr gro\u00df und die [&hellip;]","og_url":"https:\/\/bestattungen-pietsch.de\/index.php\/vorsorge\/","og_site_name":"Bestattungen Heidrun Pietsch GmbH","article_modified_time":"2019-04-30T11:51:55+00:00","og_image":[{"url":"https:\/\/bestattungen-pietsch.de\/wp-content\/uploads\/elementor\/thumbs\/planung-1-e1556548560561-o737n136t5bsqsrrozwkqenefraboowqnguvev7b7s.jpg","type":"","width":"","height":""}],"twitter_card":"summary_large_image","twitter_misc":{"Gesch\u00e4tzte Lesezeit":"2\u00a0Minuten"},"schema":{"@context":"https:\/\/schema.org","@graph":[{"@type":"WebPage","@id":"https:\/\/bestattungen-pietsch.de\/index.php\/vorsorge\/","url":"https:\/\/bestattungen-pietsch.de\/index.php\/vorsorge\/","name":"Vorsorge - Bestattungen Heidrun Pietsch GmbH","isPartOf":{"@id":"https:\/\/bestattungen-pietsch.de\/#website"},"primaryImageOfPage":{"@id":"https:\/\/bestattungen-pietsch.de\/index.php\/vorsorge\/#primaryimage"},"image":{"@id":"https:\/\/bestattungen-pietsch.de\/index.php\/vorsorge\/#primaryimage"},"thumbnailUrl":"https:\/\/bestattungen-pietsch.de\/wp-content\/uploads\/elementor\/thumbs\/planung-1-e1556548560561-o737n136t5bsqsrrozwkqenefraboowqnguvev7b7s.jpg","datePublished":"2019-01-16T14:03:20+00:00","dateModified":"2019-04-30T11:51:55+00:00","breadcrumb":{"@id":"https:\/\/bestattungen-pietsch.de\/index.php\/vorsorge\/#breadcrumb"},"inLanguage":"de","potentialAction":[{"@type":"ReadAction","target":["https:\/\/bestattungen-pietsch.de\/index.php\/vorsorge\/"]}]},{"@type":"ImageObject","inLanguage":"de","@id":"https:\/\/bestattungen-pietsch.de\/index.php\/vorsorge\/#primaryimage","url":"https:\/\/bestattungen-pietsch.de\/wp-content\/uploads\/elementor\/thumbs\/planung-1-e1556548560561-o737n136t5bsqsrrozwkqenefraboowqnguvev7b7s.jpg","contentUrl":"https:\/\/bestattungen-pietsch.de\/wp-content\/uploads\/elementor\/thumbs\/planung-1-e1556548560561-o737n136t5bsqsrrozwkqenefraboowqnguvev7b7s.jpg"},{"@type":"BreadcrumbList","@id":"https:\/\/bestattungen-pietsch.de\/index.php\/vorsorge\/#breadcrumb","itemListElement":[{"@type":"ListItem","position":1,"name":"Startseite","item":"https:\/\/bestattungen-pietsch.de\/"},{"@type":"ListItem","position":2,"name":"Vorsorge"}]},{"@type":"WebSite","@id":"https:\/\/bestattungen-pietsch.de\/#website","url":"https:\/\/bestattungen-pietsch.de\/","name":"Bestattungen Pietsch","description":"Ihr professionelles Bestattungshaus in Neuenkirchen, Greifswald und Umgebung","publisher":{"@id":"https:\/\/bestattungen-pietsch.de\/#organization"},"potentialAction":[{"@type":"SearchAction","target":{"@type":"EntryPoint","urlTemplate":"https:\/\/bestattungen-pietsch.de\/?s={search_term_string}"},"query-input":{"@type":"PropertyValueSpecification","valueRequired":true,"valueName":"search_term_string"}}],"inLanguage":"de"},{"@type":"Organization","@id":"https:\/\/bestattungen-pietsch.de\/#organization","name":"Bestattungen Heidrun Pietsch GmbH","url":"https:\/\/bestattungen-pietsch.de\/","logo":{"@type":"ImageObject","inLanguage":"de","@id":"https:\/\/bestattungen-pietsch.de\/#\/schema\/logo\/image\/","url":"https:\/\/bestattungen-pietsch.de\/wp-content\/uploads\/2019\/04\/logo_nebeneinander.png","contentUrl":"https:\/\/bestattungen-pietsch.de\/wp-content\/uploads\/2019\/04\/logo_nebeneinander.png","width":2126,"height":657,"caption":"Bestattungen Heidrun Pietsch GmbH"},"image":{"@id":"https:\/\/bestattungen-pietsch.de\/#\/schema\/logo\/image\/"}}]}},"_links":{"self":[{"href":"https:\/\/bestattungen-pietsch.de\/index.php\/wp-json\/wp\/v2\/pages\/842"}],"collection":[{"href":"https:\/\/bestattungen-pietsch.de\/index.php\/wp-json\/wp\/v2\/pages"}],"about":[{"href":"https:\/\/bestattungen-pietsch.de\/index.php\/wp-json\/wp\/v2\/types\/page"}],"author":[{"embeddable":true,"href":"https:\/\/bestattungen-pietsch.de\/index.php\/wp-json\/wp\/v2\/users\/1"}],"replies":[{"embeddable":true,"href":"https:\/\/bestattungen-pietsch.de\/index.php\/wp-json\/wp\/v2\/comments?post=842"}],"version-history":[{"count":15,"href":"https:\/\/bestattungen-pietsch.de\/index.php\/wp-json\/wp\/v2\/pages\/842\/revisions"}],"predecessor-version":[{"id":1184,"href":"https:\/\/bestattungen-pietsch.de\/index.php\/wp-json\/wp\/v2\/pages\/842\/revisions\/1184"}],"wp:attachment":[{"href":"https:\/\/bestattungen-pietsch.de\/index.php\/wp-json\/wp\/v2\/media?parent=842"}],"curies":[{"name":"wp","href":"https:\/\/api.w.org\/{rel}","templated":true}]}}